he tens digit of 6557?
5
What is the units digit of 444?
4
What is the thousands digit of 6008?
6
What is the units digit of 964?
4
What is the thousands digit of 7147?
7
What is the hundreds digit of 39717?
7
What is the hundreds digit of 1172?
1
What is the tens digit of 4140?
4
What is the thousands digit of 48536?
8
What is the tens digit of 8356?
5
What is the hundred thousands digit of 126102?
1
What is the units digit of 4801?
1
What is the tens digit of 76215?
1
What is the units digit of 113?
3
What is the hundreds digit of 8733?
7
What is the hundreds digit of 11187?
1
What is the hundreds digit of 5467?
4
What is the hundred thousands digit of 190049?
1
What is the units digit of 8057?
7
What is the tens digit of 6880?
8
What is the ten thousands digit of 19238?
1
What is the tens digit of 10372?
7
What is the units digit of 38805?
5
What is the tens digit of 779?
7
What is the tens digit of 6995?
9
What is the tens digit of 15721?
2
What is the hundreds digit of 1778?
7
What is the tens digit of 23993?
9
What is the tens digit of 75272?
7
What is the tens digit of 232?
3
What is the ten thousands digit of 122943?
2
What is the hundreds digit of 1882?
8
What is the units digit of 5572?
2
What is the hundreds digit of 22569?
5
What is the tens digit of 145373?
7
What is the ten thousands digit of 14700?
1
What is the thousands digit of 6590?
6
What is the tens digit of 390?
9
What is the thousands digit of 3155?
3
What is the thousands digit of 2806?
2
What is the hundreds digit of 8383?
3
What is the units digit of 18651?
1
What is the tens digit of 1175?
7
What is the tens digit of 706?
0
What is the tens digit of 6835?
3
What is the hundreds digit of 286?
2
What is the hundreds digit of 132?
1
What is the thousands digit of 1730?
1
What is the units digit of 8639?
9
What is the units digit of 30190?
0
What is the thousands digit of 21885?
1
What is the units digit of 421?
1
What is the hundreds digit of 4467?
4
What is the units digit of 69895?
5
What is the hundreds digit of 2055?
0
What is the hundreds digit of 12985?
9
What is the units digit of 2080?
0
What is the tens digit of 121788?
8
What is the tens digit of 1510?
1
What is the thousands digit of 8055?
8
What is the tens digit of 2278?
7
What is the tens digit of 53074?
7
What is the thousands digit of 25029?
5
What is the hundred thousands digit of 149411?
1
What is the units digit of 2358?
8
What is the thousands digit of 12396?
2
What is the tens digit of 4396?
9
What is the thousands digit of 6005?
6
What is the hundreds digit of 2020?
0
What is the thousands digit of 4753?
4
What is the hundreds digit of 55167?
1
What is the thousands digit of 16462?
6
What is the tens digit of 6298?
9
What is the units digit of 23488?
8
What is the tens digit of 420?
2
What is the units digit of 6880?
0
What is the hundreds digit of 781?
7
What is the units digit of 205?
5
What is the tens digit of 3587?
8
What is the hundreds digit of 12406?
4
What is the hundreds digit of 573?
5
What is the units digit of 14465?
5
What is the thousands digit of 1870?
1
What is the hundreds digit of 66465?
4
What is the units digit of 91580?
0
What is the units digit of 344?
4
What is the units digit of 9699?
9
What is the thousands digit of 1420?
1
What is the tens digit of 826?
2
What is the tens digit of 7976?
7
What is the tens digit of 15180?
8
What is the hundreds digit of 4571?
5
What is the thousands digit of 10205?
0
What is the hundreds digit of 8432?
4
What is the hundreds digit of 1108?
1
What is the tens digit of 486?
8
What is the hundreds digit of 238?
2
What is the tens digit of 3867?
6
What is the hundreds digit of 340?
3
What is the tens digit of 7422?
2
What is the thousands digit of 2409?
2
What is the ten thousands digit of 157106?
5
What is the thousands digit of 32801?
2
What is the tens digit of 2115?
1
What is the tens digit of 826?
2
What is the thousands digit of 22748?
2
What is the units digit of 174014?
4
What is the tens digit of 1405?
0
What is the ten thousands digit of 10837?
1
What is the tens digit of 17522?
2
What is the units digit of 14233?
3
What is the ten thousands digit of 58142?
5
What is the hundreds digit of 60398?
3
What is the hundreds digit of 35217?
2
What is the thousands digit of 7476?
7
What is the thousands digit of 2306?
2
What is the units digit of 1763?
3
What is the thousands digit of 55508?
5
What is the ten thousands digit of 14932?
1
What is the tens digit of 1881?
8
What is the tens digit of 11686?
8
What is the thousands digit of 3399?
3
What is the tens digit of 681?
8
What is the units digit of 601?
1
What is the units digit of 115725?
5
What is the units digit of 8?
8
What is the tens digit of 797?
9
What is the units digit of 1087?
7
What is the units digit of 29?
9
What is the thousands digit of 2433?
2
What is the hundreds digit of 2487?
4
What is the tens digit of 135?
3
What is the ten thousands digit of 47816?
4
What is the units digit of 75379?
9
What is the thousands digit of 1148?
1
What is the ten thousands digit of 98910?
9
What is the ten thousands digit of 82315?
8
What is the thousands digit of 1836?
1
What is the tens digit of 623?
2
What is the hundreds digit of 34682?
6
What is the thousands digit of 9668?
9
What is the units digit of 390?
0
What is the tens digit of 2183?
8
What is the units digit of 730?
0
What is the units digit of 10670?
0
What is the hundreds digit of 24227?
2
What is the units digit of 479?
9
What is the hundreds digit of 38101?
1
What is the units digit of 6?
6
What is the hundreds digit of 3065?
0
What is the thousands digit of 6076?
6
What is the hundreds digit of 36643?
6
What is the tens digit of 6540?
4
What is the tens digit of 2627?
2
What is the tens digit of 14778?
7
What is the tens digit of 13?
1
What is the units digit of 667?
7
What is the tens digit of 5777?
7
What is the thousands digit of 2134?
2
What is the ten thousands digit of 12635?
1
What is the hundreds digit of 267?
2
What is the thousands digit of 6036?
6
What is the hundreds digit of 125363?
3
What is the hundreds digit of 2672?
6
What is the hundreds digit of 1749?
7
What is the tens digit of 758?
5
What is the tens digit of 37073?
7
What is the tens digit of 18089?
8
What is the tens digit of 22761?
6
What is the units digit of 1203?
3
What is the hundreds digit of 2798?
7
What is the thousands digit of 24621?
4
What is the hundreds digit of 31444?
4
What is the hundreds digit of 72109?
1
What is the ten thousands digit of 54502?
5
What is the thousands digit of 3569?
3
What is the tens digit of 2482?
8
What is the units digit of 2723?
3
What is the units digit of 132?
2
What is the ten thousands digit of 18799?
1
What is the hundreds digit of 812?
8
What is the hundreds digit of 2578?
5
What is the thousands digit of 11281?
1
What is the ten thousands digit of 70945?
7
What is the hundreds digit of 20938?
9
What is the units digit of 802?
2
What is the ten thousands digit of 16956?
1
What is the thousands digit of 1134?
1
What is the units digit of 5771?
1
What is the units digit of 774?
4
What is the hundreds digit of 11580?
5
What is the thousands digit of 5237?
5
What is the units digit of 605?
5
What is the units digit of 8920?
0
What is the units digit of 153?
3
What is the units digit of 38?
8
What is the ten thousands digit of 15344?
1
What is the thousands digit of 1500?
1
What is the tens digit of 5439?
3
What is the tens digit of 64781?
8
What is the thousands digit of 15178?
5
What is the thousands digit of 13317?
3
What is the ten thousands digit of 130672?
3
What is the units digit of 3163?
3
What is the units digit of 1993?
3
What is the thousands digit of 26684?
6
What is the units digit of 839?
9
What is the hundreds digit of 46338?
3
What is the hundreds digit of 2996?
9
What is the tens digit of 741?
4
What is the thousands digit of 7032?
7
What is the tens digit of 1730?
3
What is the hundreds digit of 4191?
1
What is the units digit of 350?
0
What is the units digit of 575?
5
What is the thousands digit of 1385?
1
What is the thousands digit of 1788?
1
What is the units digit of 9127?
7
What is the ten thousands digit of 10027?
1
What is the tens digit of 56864?
6
What is the hundreds digit